e of 166?
True
Is 4 a factor of 23389?
False
Is 228 a multiple of 57?
True
Does 13 divide 10436?
False
Is 16050 a multiple of 6?
True
Is 255 a multiple of 6?
False
Is 28 a factor of 812?
True
Does 36 divide 1188?
True
Is 9414 a multiple of 6?
True
Does 33 divide 3237?
False
Does 14 divide 2044?
True
Does 5 divide 300?
True
Does 25 divide 8373?
False
Is 23 a factor of 2697?
False
Is 1721 a multiple of 90?
False
Does 28 divide 446?
False
Does 24 divide 489?
False
Is 1684 a multiple of 11?
False
Is 4818 a multiple of 22?
True
Is 14 a factor of 560?
True
Is 6390 a multiple of 45?
True
Is 5 a factor of 3607?
False
Does 37 divide 1013?
False
Is 21 a factor of 4620?
True
Does 233 divide 128383?
True
Is 2101 a multiple of 11?
True
Is 1498 a multiple of 2?
True
Is 40 a factor of 7670?
False
Is 659 a multiple of 14?
False
Is 19272 a multiple of 9?
False
Is 10 a factor of 172?
False
Is 21 a factor of 1095?
False
Is 36 a factor of 8123?
False
Is 165 a factor of 27939?
False
Is 67 a factor of 3352?
False
Does 5 divide 727?
False
Is 6 a factor of 4386?
True
Is 16 a factor of 1067?
False
Is 3487 a multiple of 11?
True
Does 4 divide 540?
True
Is 88 a factor of 118008?
True
Is 8540 a multiple of 61?
True
Is 8318 a multiple of 99?
False
Is 12 a factor of 432?
True
Does 77 divide 2849?
True
Is 242 a factor of 10605?
False
Is 30856 a multiple of 152?
True
Does 71 divide 4260?
True
Is 544 a multiple of 136?
True
Is 62 a multiple of 24?
False
Does 119 divide 3927?
True
Is 16261 a multiple of 23?
True
Is 12147 a multiple of 28?
False
Is 2 a factor of 5?
False
Does 122 divide 27061?
False
Does 5 divide 75?
True
Does 13 divide 299?
True
Does 27 divide 5211?
True
Is 32 a factor of 4795?
False
Is 355 a multiple of 32?
False
Does 46 divide 5561?
False
Is 885 a multiple of 15?
True
Is 6 a factor of 2456?
False
Does 8 divide 8?
True
Is 5 a factor of 6808?
False
Is 19305 a multiple of 117?
True
Is 10 a factor of 16460?
True
Is 25 a factor of 2025?
True
Is 41 a factor of 23944?
True
Is 6 a factor of 1135?
False
Is 10 a factor of 4696?
False
Is 1139 a multiple of 54?
False
Is 344 a multiple of 3?
False
Does 56 divide 141?
False
Is 25 a factor of 2619?
False
Is 545 a factor of 2873?
False
Does 64 divide 1280?
True
Is 46 a factor of 17169?
False
Does 71 divide 2268?
False
Does 20 divide 144?
False
Is 2243 a multiple of 18?
False
Is 27 a factor of 29799?
False
Is 1425 a multiple of 19?
True
Is 55139 a multiple of 29?
False
Is 83 a multiple of 9?
False
Does 55 divide 165?
True
Is 40 a factor of 7560?
True
Is 529 a multiple of 23?
True
Does 11 divide 114290?
True
Does 12 divide 21996?
True
Does 81 divide 5832?
True
Does 23 divide 86043?
True
Is 3814 a multiple of 94?
False
Is 40 a factor of 1198?
False
Does 17 divide 4592?
False
Does 4 divide 5323?
False
Does 16 divide 1238?
False
Is 32 a factor of 2656?
True
Does 18 divide 93?
False
Does 115 divide 5865?
True
Is 4546 a multiple of 19?
False
Is 111 a multiple of 3?
True
Is 7 a factor of 35788?
False
Is 19 a factor of 3002?
True
Is 6 a factor of 597?
False
Is 9 a factor of 2958?
False
Does 11 divide 539?
True
Does 22 divide 22?
True
Does 19 divide 76?
True
Is 219 a multiple of 8?
False
Is 32 a factor of 19424?
True
Is 3024 a multiple of 28?
True
Does 23 divide 1863?
True
Does 16 divide 29949?
False
Is 30 a factor of 178?
False
Does 3 divide 200?
False
Is 13246 a multiple of 26?
False
Is 1196 a multiple of 52?
True
Is 2086 a multiple of 2?
True
Does 224 divide 49280?
True
Is 4 a factor of 1580?
True
Does 46 divide 1288?
True
Does 8 divide 30112?
True
Is 866 a multiple of 57?
False
Is 39 a factor of 5024?
False
Is 9 a factor of 828?
True
Does 40 divide 720?
True
Is 748 a multiple of 44?
True
Is 561 a multiple of 127?
False
Does 44 divide 138908?
True
Is 32 a factor of 2803?
False
Is 162 a factor of 31466?
False
Is 304 a multiple of 8?
True
Does 74 divide 379?
False
Is 132 a multiple of 18?
False
Does 106 divide 13234?
False
Does 4 divide 404?
True
Is 2426 a multiple of 25?
False
Is 30 a factor of 10951?
False
Is 6 a factor of 1213?
False
Does 3 divide 45?
True
Does 10 divide 3064?
False
Is 86 a factor of 59254?
True
Is 69438 a multiple of 71?
True
Does 6 divide 4685?
False
Is 86 a factor of 754?
False
Does 117 divide 6560?
False
Does 121 divide 6776?
True
Is 5316 even?
True
Is 193 a factor of 20458?
True
Does 6 divide 4156?
False
Is 66 a factor of 462?
True
Does 15 divide 750?
True
Does 20 divide 360?
True
Is 7936 a multiple of 31?
True
Is 5942 a multiple of 31?
False
Is 56 a factor of 2375?
False
Is 10 a factor of 3072?
False
Does 20 divide 30596?
False
Does 25 divide 2100?
True
Does 28 divide 2088?
False
Does 25 divide 250?
True
Does 20 divide 21500?
True
Is 2 a factor of 668?
True
Is 34144 a multiple of 289?
False
Does 112 divide 2352?
True
Is 82 a factor of 31597?
False
Is 1506 a multiple of 16?
False
Does 11 divide 462?
True
Is 6410 a multiple of 36?
False
Is 11 a factor of 2585?
True
Does 174 divide 208?
False
Is 19 a factor of 156?
False
Is 39 a factor of 20635?
False
Is 58 a multiple of 29?
True
Is 3648 a multiple of 6?
True
Is 70 a factor of 2100?
True
Does 52 divide 26416?
True
Does 4 divide 1097?
False
Is 875 a multiple of 39?
False
Is 48776 a multiple of 28?
True
Is 2194 even?
True
Does 8 divide 128?
True
Is 25 a multiple of 2?
False
Does 21 divide 798?
True
Is 1199 a multiple of 11?
True
Does 14 divide 173?
False
Is 650 a multiple of 50?
True
Is 120764 a multiple of 76?
True
Is 833 a multiple of 119?
True
Does 3 divide 33?
True
Is 16280 a multiple of 69?
False
Is 82 a factor of 3608?
True
Is 37 a factor of 3007?
False
Does 82 divide 10578?
True
Is 2240 a multiple of 13?
False
Is 44 a factor of 1936?
True
Is 107 a factor of 2128?
False
Is 702 a multiple of 39?
True
Does 20 divide 305?
False
Does 15 divide 399?
False
Is 7 a factor of 895?
False
Is 20862 a multiple of 6?
True
Is 95 a factor of 3332?
False
Does 8 divide 1227?
False
Is 78 a factor of 5397?
False
Is 33 a factor of 1650?
True
Does 53 divide 136?
False
Does 11 divide 88?
True
Does 14 divide 4564?
True
Is 93 a factor of 2039?
False
Is 4550 a multiple of 50?
True
Is 195 a multiple of 8?
False
Is 90 a factor of 10890?
True
Is 4248 a multiple of 33?
False
Does 25 divide 45750?
True
Does 25 divide 2914?
False
Does 36 divide 792?
True
Does 111 divide 7992?
True
Is 149 a factor of 12034?
False
Is 8 a factor of 20364?
False
Does 39 divide 507?
True
Is 6055 a multiple of 151?
False
Does 16 divide 7745?
False
Does 5 divide 2295?
True
Is 17459 a multiple of 17?
True
Is 1521 a multiple of 117?
True
Is 34 a factor of 2040?
True
Is 19 a factor of 185?
False
Is 625 a multiple of 8?
False
Is 62 a factor of 434?
True
Does 51 divide 3315?
True
Does 333 divide 36176?
False
Is 46 a factor of 644?
True
Is 3682 a multiple of 10?
False
Is 6 a factor of 72?
True
Does 13 divide 7998?
False
Does 5 divide 54381?
False
Is 2912 a multiple of 13?
True
Is 59760 a multiple of 16?
True
Does 156 divide 2118?
False
Does 17 divide 461?
False
Does 43 divide 387?
True
Does 46 divide 14605?
False
Does 56 divide 5140?
False
Is 18 a factor of 45828?
True
Is 238 a multiple of 14?
True
Is 57 a multiple of 3?
True
Is 154 a factor of 2543?
False
Is 11 a factor of 6996?
True
Is 6 a factor of 870?
True
Is 31516 a multiple of 18?
False
Is 23 a factor of 276?
True
Does 46 divide 368?
True
Does 11 divide 27980?
False
Does 61 divide 2318?
True
Is 36 a factor of 31968?
True
Is 43 a factor of 5203?
True
Does 3 divide 208?
False
Is 976 a multiple of 122?
True
Is 3520 a multiple of 32?
True
Is 16 a factor of 432?
True
Does 35 divide 7617?
False
Does 12 divide 1859?
False
Is 19 a factor of 37031?
True
Is 26304 a multiple of 64?
True
Is 1026 a multiple of 2?
True
Is 1769 a multiple of 47?
False
Is 2599 a multiple of 7?
False
Is 65 a multiple of 65?
True
Does 6 divide 1776?
True
Does 14 divide 18536?
True
Does 89 divide 6230?
True
Is 14 a factor of 854?
True
Is 5 a factor of 7060?
True
Is 2553 a multiple of 23?
True
Does 65 divide 2649?
False
Is 11 a factor of 97966?
True
Does 4 divide 16?
True
Is 546 a multiple of 42?
True
Does 34 divide 578?
True
Is 748 a multiple of 29?
False
Does 385 divide 79282?
False
Is 358 a multiple of 12?
False
Is 1955 a multiple of 115?
True
Is 41 a factor of 1066?
True
Is 64 a factor o